{"id":795,"date":"2019-06-11T18:31:07","date_gmt":"2019-06-11T16:31:07","guid":{"rendered":"http:\/\/negociation-ecologique.fr\/?page_id=795"},"modified":"2019-06-11T18:31:09","modified_gmt":"2019-06-11T16:31:09","slug":"formaciones","status":"publish","type":"page","link":"https:\/\/negociation-ecologique.fr\/index.php\/es\/formaciones\/","title":{"rendered":"Formaciones"},"content":{"rendered":"\n<p><br> Se proponen dos categor\u00edas de cursos de negociaci\u00f3n ecol\u00f3gica:<\/p>\n\n\n\n<p>La formaci\u00f3n individual en negociaci\u00f3n ecol\u00f3gica: se focaliza en actores individuales.<br>Formaci\u00f3n colectiva en negociaci\u00f3n ecol\u00f3gica: se dirige a todos los actores de un programa de trabajo, o un proyecto espec\u00edfico.<\/p>\n","protected":false},"excerpt":{"rendered":"<p>Se proponen dos categor\u00edas de cursos de negociaci\u00f3n ecol\u00f3gica: La formaci\u00f3n individual en negociaci\u00f3n ecol\u00f3gica: se focaliza en actores individuales.Formaci\u00f3n colectiva en negociaci\u00f3n ecol\u00f3gica: se dirige a todos los actores de un programa de trabajo, o un proyecto espec\u00edfico.<\/p>\n","protected":false},"author":2,"featured_media":0,"parent":0,"menu_order":0,"comment_status":"closed","ping_status":"closed","template":"","meta":[],"_links":{"self":[{"href":"https:\/\/negociation-ecologique.fr\/index.php\/wp-json\/wp\/v2\/pages\/795"}],"collection":[{"href":"https:\/\/negociation-ecologique.fr\/index.php\/wp-json\/wp\/v2\/pages"}],"about":[{"href":"https:\/\/negociation-ecologique.fr\/index.php\/wp-json\/wp\/v2\/types\/page"}],"author":[{"embeddable":true,"href":"https:\/\/negociation-ecologique.fr\/index.php\/wp-json\/wp\/v2\/users\/2"}],"replies":[{"embeddable":true,"href":"https:\/\/negociation-ecologique.fr\/index.php\/wp-json\/wp\/v2\/comments?post=795"}],"version-history":[{"count":1,"href":"https:\/\/negociation-ecologique.fr\/index.php\/wp-json\/wp\/v2\/pages\/795\/revisions"}],"predecessor-version":[{"id":798,"href":"https:\/\/negociation-ecologique.fr\/index.php\/wp-json\/wp\/v2\/pages\/795\/revisions\/798"}],"wp:attachment":[{"href":"https:\/\/negociation-ecologique.fr\/index.php\/wp-json\/wp\/v2\/media?parent=795"}],"curies":[{"name":"wp","href":"https:\/\/api.w.org\/{rel}","templated":true}]}}